{"id":6,"date":"2021-01-27T09:33:12","date_gmt":"2021-01-27T08:33:12","guid":{"rendered":"http:\/\/lbdr.fr\/bdr\/?page_id=6"},"modified":"2025-12-13T12:31:46","modified_gmt":"2025-12-13T11:31:46","slug":"le-nouveau-e-mucem-ouvre-ses-portes-2","status":"publish","type":"page","link":"https:\/\/lbdr.fr\/bdr\/","title":{"rendered":"Bienvenue chez les b\u00e2tisseurs de r\u00eave"},"content":{"rendered":"\t\t<div data-elementor-type=\"wp-page\" data-elementor-id=\"6\" class=\"elementor elementor-6\">\n\t\t\t\t\t\t<section class=\"elementor-section elementor-top-section elementor-element elementor-element-05b6501 elementor-section-height-min-height elementor-section-items-top elementor-section-stretched elementor-section-boxed elementor-section-height-default\" data-id=\"05b6501\" data-element_type=\"section\" data-e-type=\"section\" data-settings=\"{&quot;stretch_section&quot;:&quot;section-stretched&quot;,&quot;background_background&quot;:&quot;classic&quot;}\">\n\t\t\t\t\t\t<div class=\"elementor-container elementor-column-gap-default\">\n\t\t\t\t\t<div class=\"elementor-column elementor-col-100 elementor-top-column elementor-element elementor-element-e6881a4\" data-id=\"e6881a4\" data-element_type=\"column\" data-e-type=\"column\">\n\t\t\t<div class=\"elementor-widget-wrap elementor-element-populated\">\n\t\t\t\t\t\t<div class=\"elementor-element elementor-element-ce53065 elementor-widget elementor-widget-heading\" data-id=\"ce53065\" data-element_type=\"widget\" data-e-type=\"widget\" data-widget_type=\"heading.default\">\n\t\t\t\t<div class=\"elementor-widget-container\">\n\t\t\t\t\t<h2 class=\"elementor-heading-title elementor-size-default\">Bienvenue chez les b\u00e2tisseurs de r\u00eave<\/h2>\t\t\t\t<\/div>\n\t\t\t\t<\/div>\n\t\t\t\t\t<\/div>\n\t\t<\/div>\n\t\t\t\t\t<\/div>\n\t\t<\/section>\n\t\t\t\t<section class=\"elementor-section elementor-top-section elementor-element elementor-element-e63e223 elementor-section-content-middle elementor-section-boxed elementor-section-height-default elementor-section-height-default\" data-id=\"e63e223\" data-element_type=\"section\" data-e-type=\"section\" data-settings=\"{&quot;background_background&quot;:&quot;classic&quot;}\">\n\t\t\t\t\t\t<div class=\"elementor-container elementor-column-gap-default\">\n\t\t\t\t\t<div class=\"elementor-column elementor-col-100 elementor-top-column elementor-element elementor-element-1a4957e\" data-id=\"1a4957e\" data-element_type=\"column\" data-e-type=\"column\">\n\t\t\t<div class=\"elementor-widget-wrap elementor-element-populated\">\n\t\t\t\t\t\t<div class=\"elementor-element elementor-element-49121d4 elementor-arrows-position-inside elementor-pagination-position-outside elementor-widget elementor-widget-image-carousel\" data-id=\"49121d4\" data-element_type=\"widget\" data-e-type=\"widget\" data-settings=\"{&quot;slides_to_show&quot;:&quot;1&quot;,&quot;speed&quot;:300,&quot;effect&quot;:&quot;fade&quot;,&quot;navigation&quot;:&quot;both&quot;,&quot;autoplay&quot;:&quot;yes&quot;,&quot;pause_on_hover&quot;:&quot;yes&quot;,&quot;pause_on_interaction&quot;:&quot;yes&quot;,&quot;autoplay_speed&quot;:5000,&quot;infinite&quot;:&quot;yes&quot;}\" data-widget_type=\"image-carousel.default\">\n\t\t\t\t<div class=\"elementor-widget-container\">\n\t\t\t\t\t\t\t<div class=\"elementor-image-carousel-wrapper swiper\" role=\"region\" aria-roledescription=\"carousel\" aria-label=\"Carrousel d\u2019images\" dir=\"ltr\">\n\t\t\t<div class=\"elementor-image-carousel swiper-wrapper\" aria-live=\"off\">\n\t\t\t\t\t\t\t\t<div class=\"swiper-slide\" role=\"group\" aria-roledescription=\"slide\" aria-label=\"1 sur 7\"><figure class=\"swiper-slide-inner\"><img decoding=\"async\" class=\"swiper-slide-image\" src=\"https:\/\/lbdr.fr\/bdr\/wp-content\/uploads\/2021\/01\/lemondedujdr1940_1080.jpg\" alt=\"The revenge of a heroic and brave child against an evil castle (Fantasy)\" \/><\/figure><\/div><div class=\"swiper-slide\" role=\"group\" aria-roledescription=\"slide\" aria-label=\"2 sur 7\"><figure class=\"swiper-slide-inner\"><img decoding=\"async\" class=\"swiper-slide-image\" src=\"https:\/\/lbdr.fr\/bdr\/wp-content\/uploads\/2025\/01\/438162706_10229363691508242_424661650146816758_n-e1761827919743.png\" alt=\"438162706_10229363691508242_424661650146816758_n\" \/><\/figure><\/div><div class=\"swiper-slide\" role=\"group\" aria-roledescription=\"slide\" aria-label=\"3 sur 7\"><figure class=\"swiper-slide-inner\"><img decoding=\"async\" class=\"swiper-slide-image\" src=\"https:\/\/lbdr.fr\/bdr\/wp-content\/uploads\/2024\/10\/Article-_RDC-BDR.jpg\" alt=\"Article-_RDC-BDR\" \/><\/figure><\/div><div class=\"swiper-slide\" role=\"group\" aria-roledescription=\"slide\" aria-label=\"4 sur 7\"><figure class=\"swiper-slide-inner\"><img decoding=\"async\" class=\"swiper-slide-image\" src=\"https:\/\/lbdr.fr\/bdr\/wp-content\/uploads\/2021\/02\/BATDR-1.jpg\" alt=\"BATDR 1\" \/><\/figure><\/div><div class=\"swiper-slide\" role=\"group\" aria-roledescription=\"slide\" aria-label=\"5 sur 7\"><figure class=\"swiper-slide-inner\"><img decoding=\"async\" class=\"swiper-slide-image\" src=\"https:\/\/lbdr.fr\/bdr\/wp-content\/uploads\/2021\/02\/BATDR-2.jpg\" alt=\"BATDR 2\" \/><\/figure><\/div><div class=\"swiper-slide\" role=\"group\" aria-roledescription=\"slide\" aria-label=\"6 sur 7\"><figure class=\"swiper-slide-inner\"><img decoding=\"async\" class=\"swiper-slide-image\" src=\"https:\/\/lbdr.fr\/bdr\/wp-content\/uploads\/2021\/01\/les_jeux1940_1080.jpg\" alt=\"tavolo da gioco buio con sfondo\" \/><\/figure><\/div><div class=\"swiper-slide\" role=\"group\" aria-roledescription=\"slide\" aria-label=\"7 sur 7\"><figure class=\"swiper-slide-inner\"><img decoding=\"async\" class=\"swiper-slide-image\" src=\"https:\/\/lbdr.fr\/bdr\/wp-content\/uploads\/2021\/01\/Salondulivre2019_3.jpg\" alt=\"Salondulivre2019_3\" \/><\/figure><\/div>\t\t\t<\/div>\n\t\t\t\t\t\t\t\t\t\t\t\t<div class=\"elementor-swiper-button elementor-swiper-button-prev\" role=\"button\" tabindex=\"0\">\n\t\t\t\t\t\t<i aria-hidden=\"true\" class=\"eicon-chevron-left\"><\/i>\t\t\t\t\t<\/div>\n\t\t\t\t\t<div class=\"elementor-swiper-button elementor-swiper-button-next\" role=\"button\" tabindex=\"0\">\n\t\t\t\t\t\t<i aria-hidden=\"true\" class=\"eicon-chevron-right\"><\/i>\t\t\t\t\t<\/div>\n\t\t\t\t\n\t\t\t\t\t\t\t\t\t<div class=\"swiper-pagination\"><\/div>\n\t\t\t\t\t\t\t\t\t<\/div>\n\t\t\t\t\t\t<\/div>\n\t\t\t\t<\/div>\n\t\t\t\t\t<\/div>\n\t\t<\/div>\n\t\t\t\t\t<\/div>\n\t\t<\/section>\n\t\t\t\t<section class=\"elementor-section elementor-top-section elementor-element elementor-element-a1a1d5d elementor-section-boxed elementor-section-height-default elementor-section-height-default\" data-id=\"a1a1d5d\" data-element_type=\"section\" data-e-type=\"section\">\n\t\t\t\t\t\t<div class=\"elementor-container elementor-column-gap-default\">\n\t\t\t\t\t<div class=\"elementor-column elementor-col-100 elementor-top-column elementor-element elementor-element-eee440a\" data-id=\"eee440a\" data-element_type=\"column\" data-e-type=\"column\">\n\t\t\t<div class=\"elementor-widget-wrap elementor-element-populated\">\n\t\t\t\t\t\t<div class=\"elementor-element elementor-element-f142f17 elementor-widget elementor-widget-heading\" data-id=\"f142f17\" data-element_type=\"widget\" data-e-type=\"widget\" data-widget_type=\"heading.default\">\n\t\t\t\t<div class=\"elementor-widget-container\">\n\t\t\t\t\t<h2 class=\"elementor-heading-title elementor-size-default\">Pr\u00e9sentation de l'association<\/h2>\t\t\t\t<\/div>\n\t\t\t\t<\/div>\n\t\t\t\t\t<\/div>\n\t\t<\/div>\n\t\t\t\t\t<\/div>\n\t\t<\/section>\n\t\t\t\t<section class=\"elementor-section elementor-top-section elementor-element elementor-element-db527d1 elementor-section-stretched elementor-section-boxed elementor-section-height-default elementor-section-height-default\" data-id=\"db527d1\" data-element_type=\"section\" data-e-type=\"section\" data-settings=\"{&quot;stretch_section&quot;:&quot;section-stretched&quot;}\">\n\t\t\t\t\t\t<div class=\"elementor-container elementor-column-gap-default\">\n\t\t\t\t\t<div class=\"elementor-column elementor-col-100 elementor-top-column elementor-element elementor-element-49bd630\" data-id=\"49bd630\" data-element_type=\"column\" data-e-type=\"column\">\n\t\t\t<div class=\"elementor-widget-wrap elementor-element-populated\">\n\t\t\t\t\t\t<div class=\"elementor-element elementor-element-b735644 elementor-widget elementor-widget-text-editor\" data-id=\"b735644\" data-element_type=\"widget\" data-e-type=\"widget\" data-widget_type=\"text-editor.default\">\n\t\t\t\t<div class=\"elementor-widget-container\">\n\t\t\t\t\t\t\t\t\t<p><em>L&rsquo;association (loi 1901) \u00ab\u00a0Les B\u00e2tisseurs de R\u00eaves\u00a0\u00bb est n\u00e9e en 1995 dans le but de cr\u00e9er un centre d&rsquo;activit\u00e9s ludiques \u00e0 Orl\u00e9ans et de promouvoir les jeux de simulation (jeux de r\u00f4le, jeux de plateau, jeux de cartes, jeux de figurines, etc.)<\/em><\/p><p><em>La ville met \u00e0 disposition des adh\u00e9rents plusieurs locaux pour leur permettre de se rencontrer et d&rsquo;organiser des parties. Nous nous r\u00e9unissons \u00e0 la Maison des Associations les samedis de 14h \u00e0 20h et au Foyer Saint Vincent les vendredis de 19h15 \u00e0 1h .<\/em><\/p><p><em>Dans notre association nous jouons \u00e0 des\u00a0<strong>jeux de simulation<\/strong>, c&rsquo;est \u00e0 dire des jeux con\u00e7us pour simuler une activit\u00e9, tel qu&rsquo;un sport, une campagne militaire, la r\u00e9solution d&rsquo;une \u00e9nigme polici\u00e8re ou bien la gestion d&rsquo;une entreprise ou d&rsquo;un pays. Ces jeux sont \u00e9galement appel\u00e9s\u00a0<strong>jeux de plateau<\/strong>\u00a0car ils se jouent sur un plateau \u00e0 l&rsquo;aide de pions, de d\u00e9s ou de cartes. Et puis il y a les\u00a0<strong>jeux de r\u00f4le<\/strong>, qui constituent l&rsquo;activit\u00e9 principale de notre association, dans lesquels les participants incarnent des personnages qui prennent part \u00e0 des aventures plus ou moins mouvement\u00e9es dans des univers tr\u00e8s vari\u00e9s\u00a0: L&rsquo;Heroic Fantasy, la Science-Fiction, l&rsquo;Aventure, le Fantastique contemporain&#8230;<\/em><\/p><p>Vous trouverez sur notre site des informations plus d\u00e9taill\u00e9es sur notre association (dans la rubrique \u00ab\u00a0<a href=\"http:\/\/lbdr.fr\/bdr\/index.php\/joueurs-et-mj\/\" target=\"_self\">\u00a0joueurs et MJ<\/a>\u00ab\u00a0). Vous avez \u00e9galement la possibilit\u00e9 de nous contacter pour nous poser des questions.<\/p><p align=\"justify\">\u00a0<\/p>\t\t\t\t\t\t\t\t<\/div>\n\t\t\t\t<\/div>\n\t\t\t\t\t<\/div>\n\t\t<\/div>\n\t\t\t\t\t<\/div>\n\t\t<\/section>\n\t\t\t\t<section class=\"elementor-section elementor-top-section elementor-element elementor-element-7dddfd0 elementor-section-full_width elementor-section-height-default elementor-section-height-default\" data-id=\"7dddfd0\" data-element_type=\"section\" data-e-type=\"section\" data-settings=\"{&quot;background_background&quot;:&quot;classic&quot;}\">\n\t\t\t\t\t\t<div class=\"elementor-container elementor-column-gap-default\">\n\t\t\t\t\t<div class=\"elementor-column elementor-col-50 elementor-top-column elementor-element elementor-element-ef35b6c\" data-id=\"ef35b6c\" data-element_type=\"column\" data-e-type=\"column\">\n\t\t\t<div class=\"elementor-widget-wrap elementor-element-populated\">\n\t\t\t\t\t\t<div class=\"elementor-element elementor-element-2e585b4 elementor-widget elementor-widget-text-editor\" data-id=\"2e585b4\" data-element_type=\"widget\" data-e-type=\"widget\" data-widget_type=\"text-editor.default\">\n\t\t\t\t<div class=\"elementor-widget-container\">\n\t\t\t\t\t\t\t\t\t<p><span style=\"text-decoration: underline;\"><strong>Horaires et lieux:<\/strong><\/span><\/p><p><strong>Maison des Associations<\/strong> &#8211; 46 ter rue Sainte Catherine &#8211; 45000 ORLEANS<\/p><p>Tous les samedis de 14h \u00e0 20h, sauf vacances d&rsquo;\u00e9t\u00e9 et jours f\u00e9ri\u00e9s.<\/p>\t\t\t\t\t\t\t\t<\/div>\n\t\t\t\t<\/div>\n\t\t\t\t\t<\/div>\n\t\t<\/div>\n\t\t\t\t<div class=\"elementor-column elementor-col-50 elementor-top-column elementor-element elementor-element-04bb6c5\" data-id=\"04bb6c5\" data-element_type=\"column\" data-e-type=\"column\">\n\t\t\t<div class=\"elementor-widget-wrap elementor-element-populated\">\n\t\t\t\t\t\t<div class=\"elementor-element elementor-element-91598b8 elementor-widget elementor-widget-google_maps\" data-id=\"91598b8\" data-element_type=\"widget\" data-e-type=\"widget\" data-widget_type=\"google_maps.default\">\n\t\t\t\t<div class=\"elementor-widget-container\">\n\t\t\t\t\t\t\t<div class=\"elementor-custom-embed\">\n\t\t\t<iframe loading=\"lazy\"\n\t\t\t\t\tsrc=\"https:\/\/maps.google.com\/maps?q=Maison%20des%20Associations%20-%2046%20ter%20rue%20Sainte%20Catherine%20-%2045000%20ORLEANS&#038;t=m&#038;z=10&#038;output=embed&#038;iwloc=near\"\n\t\t\t\t\ttitle=\"Maison des Associations - 46 ter rue Sainte Catherine - 45000 ORLEANS\"\n\t\t\t\t\taria-label=\"Maison des Associations - 46 ter rue Sainte Catherine - 45000 ORLEANS\"\n\t\t\t><\/iframe>\n\t\t<\/div>\n\t\t\t\t\t\t<\/div>\n\t\t\t\t<\/div>\n\t\t\t\t\t<\/div>\n\t\t<\/div>\n\t\t\t\t\t<\/div>\n\t\t<\/section>\n\t\t\t\t<section class=\"elementor-section elementor-top-section elementor-element elementor-element-3757e68 elementor-section-stretched elementor-section-full_width elementor-section-height-default elementor-section-height-default\" data-id=\"3757e68\" data-element_type=\"section\" data-e-type=\"section\" data-settings=\"{&quot;stretch_section&quot;:&quot;section-stretched&quot;,&quot;background_background&quot;:&quot;classic&quot;}\">\n\t\t\t\t\t\t<div class=\"elementor-container elementor-column-gap-default\">\n\t\t\t\t\t<div class=\"elementor-column elementor-col-50 elementor-top-column elementor-element elementor-element-45c9d21\" data-id=\"45c9d21\" data-element_type=\"column\" data-e-type=\"column\">\n\t\t\t<div class=\"elementor-widget-wrap elementor-element-populated\">\n\t\t\t\t\t\t<div class=\"elementor-element elementor-element-f76ba32 elementor-widget elementor-widget-text-editor\" data-id=\"f76ba32\" data-element_type=\"widget\" data-e-type=\"widget\" data-widget_type=\"text-editor.default\">\n\t\t\t\t<div class=\"elementor-widget-container\">\n\t\t\t\t\t\t\t\t\t<p>\u00a0<\/p><p><strong>Foyer Saint Vincent<\/strong> &#8211; 46, rue du Champ Rond \u00e0 ORL\u00c9ANS<\/p><p>Tous les vendredis de 19h15 \u00e0 1h, sauf vacances d&rsquo;\u00e9t\u00e9 et jours f\u00e9ri\u00e9s.<\/p>\t\t\t\t\t\t\t\t<\/div>\n\t\t\t\t<\/div>\n\t\t\t\t\t<\/div>\n\t\t<\/div>\n\t\t\t\t<div class=\"elementor-column elementor-col-50 elementor-top-column elementor-element elementor-element-cfdaa77\" data-id=\"cfdaa77\" data-element_type=\"column\" data-e-type=\"column\">\n\t\t\t<div class=\"elementor-widget-wrap elementor-element-populated\">\n\t\t\t\t\t\t<div class=\"elementor-element elementor-element-14ca026 elementor-widget elementor-widget-google_maps\" data-id=\"14ca026\" data-element_type=\"widget\" data-e-type=\"widget\" data-widget_type=\"google_maps.default\">\n\t\t\t\t<div class=\"elementor-widget-container\">\n\t\t\t\t\t\t\t<div class=\"elementor-custom-embed\">\n\t\t\t<iframe loading=\"lazy\"\n\t\t\t\t\tsrc=\"https:\/\/maps.google.com\/maps?q=FOYER%20SAINT%20VINCENT%20-%2046%2C%20rue%20du%20Champ%20Rond%20%C3%A0%20ORL%C3%89ANS&#038;t=m&#038;z=10&#038;output=embed&#038;iwloc=near\"\n\t\t\t\t\ttitle=\"FOYER SAINT VINCENT - 46, rue du Champ Rond \u00e0 ORL\u00c9ANS\"\n\t\t\t\t\taria-label=\"FOYER SAINT VINCENT - 46, rue du Champ Rond \u00e0 ORL\u00c9ANS\"\n\t\t\t><\/iframe>\n\t\t<\/div>\n\t\t\t\t\t\t<\/div>\n\t\t\t\t<\/div>\n\t\t\t\t\t<\/div>\n\t\t<\/div>\n\t\t\t\t\t<\/div>\n\t\t<\/section>\n\t\t\t\t<section class=\"elementor-section elementor-top-section elementor-element elementor-element-d6db69e elementor-section-stretched elementor-section-full_width elementor-section-height-default elementor-section-height-default\" data-id=\"d6db69e\" data-element_type=\"section\" data-e-type=\"section\" data-settings=\"{&quot;stretch_section&quot;:&quot;section-stretched&quot;,&quot;background_background&quot;:&quot;classic&quot;}\">\n\t\t\t\t\t\t<div class=\"elementor-container elementor-column-gap-default\">\n\t\t\t\t\t<div class=\"elementor-column elementor-col-50 elementor-top-column elementor-element elementor-element-5cb09a4\" data-id=\"5cb09a4\" data-element_type=\"column\" data-e-type=\"column\">\n\t\t\t<div class=\"elementor-widget-wrap elementor-element-populated\">\n\t\t\t\t\t\t<div class=\"elementor-element elementor-element-4763d99 elementor-widget elementor-widget-text-editor\" data-id=\"4763d99\" data-element_type=\"widget\" data-e-type=\"widget\" data-widget_type=\"text-editor.default\">\n\t\t\t\t<div class=\"elementor-widget-container\">\n\t\t\t\t\t\t\t\t\t<p>\u00a0<\/p><p><strong>Maison des associations<\/strong>\u00a0&#8211; <a tabindex=\"0\" href=\"https:\/\/www.google.com\/maps\/place\/\/data=!4m2!3m1!1s0x47e4e50031070993:0xcc4e6259bb215937?sa=X&amp;ved=1t:8290&amp;ictx=111\" data-url=\"\/maps\/place\/\/data=!4m2!3m1!1s0x47e4e50031070993:0xcc4e6259bb215937?sa=X&amp;ved=2ahUKEwjgpPmMurqRAxX7AvsDHehnC3UQ4kB6BAgDEAA\"><span dir=\"auto\">5 Pl. Ste Beuve, 45100 Orl\u00e9ans<\/span><\/a><\/p><p>Tous les Samedis de 14h \u00e0 20h, sauf vacances d&rsquo;\u00e9t\u00e9 et jours f\u00e9ri\u00e9s.<\/p>\t\t\t\t\t\t\t\t<\/div>\n\t\t\t\t<\/div>\n\t\t\t\t\t<\/div>\n\t\t<\/div>\n\t\t\t\t<div class=\"elementor-column elementor-col-50 elementor-top-column elementor-element elementor-element-8074473\" data-id=\"8074473\" data-element_type=\"column\" data-e-type=\"column\">\n\t\t\t<div class=\"elementor-widget-wrap elementor-element-populated\">\n\t\t\t\t\t\t<div class=\"elementor-element elementor-element-e05c924 elementor-widget elementor-widget-google_maps\" data-id=\"e05c924\" data-element_type=\"widget\" data-e-type=\"widget\" data-widget_type=\"google_maps.default\">\n\t\t\t\t<div class=\"elementor-widget-container\">\n\t\t\t\t\t\t\t<div class=\"elementor-custom-embed\">\n\t\t\t<iframe loading=\"lazy\"\n\t\t\t\t\tsrc=\"https:\/\/maps.google.com\/maps?q=5%20Pl.%20Ste%20Beuve%2C%2045100%20Orl%C3%A9ans&#038;t=m&#038;z=10&#038;output=embed&#038;iwloc=near\"\n\t\t\t\t\ttitle=\"5 Pl. Ste Beuve, 45100 Orl\u00e9ans\"\n\t\t\t\t\taria-label=\"5 Pl. Ste Beuve, 45100 Orl\u00e9ans\"\n\t\t\t><\/iframe>\n\t\t<\/div>\n\t\t\t\t\t\t<\/div>\n\t\t\t\t<\/div>\n\t\t\t\t\t<\/div>\n\t\t<\/div>\n\t\t\t\t\t<\/div>\n\t\t<\/section>\n\t\t\t\t<section class=\"elementor-section elementor-top-section elementor-element elementor-element-6c21123 elementor-section-boxed elementor-section-height-default elementor-section-height-default\" data-id=\"6c21123\" data-element_type=\"section\" data-e-type=\"section\">\n\t\t\t\t\t\t<div class=\"elementor-container elementor-column-gap-default\">\n\t\t\t\t\t<div class=\"elementor-column elementor-col-100 elementor-top-column elementor-element elementor-element-f5ecbc7\" data-id=\"f5ecbc7\" data-element_type=\"column\" data-e-type=\"column\">\n\t\t\t<div class=\"elementor-widget-wrap elementor-element-populated\">\n\t\t\t\t\t\t<div class=\"elementor-element elementor-element-e7a23c5 elementor-button-info elementor-widget elementor-widget-button\" data-id=\"e7a23c5\" data-element_type=\"widget\" data-e-type=\"widget\" data-widget_type=\"button.default\">\n\t\t\t\t<div class=\"elementor-widget-container\">\n\t\t\t\t\t\t\t\t\t<div class=\"elementor-button-wrapper\">\n\t\t\t\t\t<a class=\"elementor-button elementor-button-link elementor-size-sm\" href=\"http:\/\/lbdr.fr\/bdr\/index.php\/gallerie\/\">\n\t\t\t\t\t\t<span class=\"elementor-button-content-wrapper\">\n\t\t\t\t\t\t\t\t\t<span class=\"elementor-button-text\">Acc\u00e8der \u00e0 la gallerie photo de l'association\u200b<\/span>\n\t\t\t\t\t<\/span>\n\t\t\t\t\t<\/a>\n\t\t\t\t<\/div>\n\t\t\t\t\t\t\t\t<\/div>\n\t\t\t\t<\/div>\n\t\t\t\t<div class=\"elementor-element elementor-element-467e440 elementor-widget elementor-widget-html\" data-id=\"467e440\" data-element_type=\"widget\" data-e-type=\"widget\" data-widget_type=\"html.default\">\n\t\t\t\t<div class=\"elementor-widget-container\">\n\t\t\t\t\t<div class=\"btn-top\">\n   <img decoding=\"async\" src=\"http:\/\/lbdr.fr\/bdr\/wp-content\/uploads\/2021\/02\/arrow.svg\" class=\"icone\" style=\"box-shadow: none;\">\n<\/div>\n\n<script>\nconst btn = document.querySelector('.btn-top');\n\nwindow.addEventListener('scroll', () => {\n    if (window.pageYOffset > 100) {\n        btn.classList.add('active');\n    } else {\n        btn.classList.remove('active');\n    }\n});\n\nbtn.addEventListener('click', () => {\n    window.scrollTo({\n        top: 0,\n        left: 0,\n        behevior: \"smooth\"\n    })\n});\n<\/script>\t\t\t\t<\/div>\n\t\t\t\t<\/div>\n\t\t\t\t\t<\/div>\n\t\t<\/div>\n\t\t\t\t\t<\/div>\n\t\t<\/section>\n\t\t\t\t<\/div>\n\t\t","protected":false},"excerpt":{"rendered":"<p>Bienvenue chez les b\u00e2tisseurs de r\u00eave Pr\u00e9sentation de l&rsquo;association L&rsquo;association (loi 1901) \u00ab\u00a0Les B\u00e2tisseurs de R\u00eaves\u00a0\u00bb est n\u00e9e en 1995 dans le but de cr\u00e9er un centre d&rsquo;activit\u00e9s ludiques \u00e0 Orl\u00e9ans et de promouvoir les jeux de simulation (jeux de r\u00f4le, jeux de plateau, jeux de cartes, jeux de figurines, etc.) La ville met \u00e0 [&hellip;]<\/p>\n","protected":false},"author":1,"featured_media":0,"parent":0,"menu_order":0,"comment_status":"closed","ping_status":"closed","template":"elementor_header_footer","meta":{"footnotes":""},"categories":[],"tags":[],"class_list":["post-6","page","type-page","status-publish","hentry"],"aioseo_notices":[],"jetpack_sharing_enabled":true,"_links":{"self":[{"href":"https:\/\/lbdr.fr\/bdr\/index.php\/wp-json\/wp\/v2\/pages\/6","targetHints":{"allow":["GET"]}}],"collection":[{"href":"https:\/\/lbdr.fr\/bdr\/index.php\/wp-json\/wp\/v2\/pages"}],"about":[{"href":"https:\/\/lbdr.fr\/bdr\/index.php\/wp-json\/wp\/v2\/types\/page"}],"author":[{"embeddable":true,"href":"https:\/\/lbdr.fr\/bdr\/index.php\/wp-json\/wp\/v2\/users\/1"}],"replies":[{"embeddable":true,"href":"https:\/\/lbdr.fr\/bdr\/index.php\/wp-json\/wp\/v2\/comments?post=6"}],"version-history":[{"count":336,"href":"https:\/\/lbdr.fr\/bdr\/index.php\/wp-json\/wp\/v2\/pages\/6\/revisions"}],"predecessor-version":[{"id":4843,"href":"https:\/\/lbdr.fr\/bdr\/index.php\/wp-json\/wp\/v2\/pages\/6\/revisions\/4843"}],"wp:attachment":[{"href":"https:\/\/lbdr.fr\/bdr\/index.php\/wp-json\/wp\/v2\/media?parent=6"}],"wp:term":[{"taxonomy":"category","embeddable":true,"href":"https:\/\/lbdr.fr\/bdr\/index.php\/wp-json\/wp\/v2\/categories?post=6"},{"taxonomy":"post_tag","embeddable":true,"href":"https:\/\/lbdr.fr\/bdr\/index.php\/wp-json\/wp\/v2\/tags?post=6"}],"curies":[{"name":"wp","href":"https:\/\/api.w.org\/{rel}","templated":true}]}}