{"id":46,"date":"2021-01-27T10:18:37","date_gmt":"2021-01-27T09:18:37","guid":{"rendered":"http:\/\/lbdr.fr\/bdr\/?page_id=46"},"modified":"2024-01-10T18:22:31","modified_gmt":"2024-01-10T17:22:31","slug":"devenir-membre","status":"publish","type":"page","link":"https:\/\/lbdr.fr\/bdr\/index.php\/devenir-membre\/","title":{"rendered":"Devenir membre"},"content":{"rendered":"\t\t<div data-elementor-type=\"wp-page\" data-elementor-id=\"46\" class=\"elementor elementor-46\">\n\t\t\t\t\t\t<section class=\"elementor-section elementor-top-section elementor-element elementor-element-03d3909 elementor-section-stretched elementor-section-full_width elementor-section-height-default elementor-section-height-default\" data-id=\"03d3909\" data-element_type=\"section\" data-e-type=\"section\" data-settings=\"{&quot;stretch_section&quot;:&quot;section-stretched&quot;,&quot;background_background&quot;:&quot;classic&quot;}\">\n\t\t\t\t\t\t<div class=\"elementor-container elementor-column-gap-default\">\n\t\t\t\t\t<div class=\"elementor-column elementor-col-50 elementor-top-column elementor-element elementor-element-af6d42e\" data-id=\"af6d42e\" data-element_type=\"column\" data-e-type=\"column\">\n\t\t\t<div class=\"elementor-widget-wrap elementor-element-populated\">\n\t\t\t\t\t\t<div class=\"elementor-element elementor-element-9aca418 elementor-widget elementor-widget-heading\" data-id=\"9aca418\" data-element_type=\"widget\" data-e-type=\"widget\" data-widget_type=\"heading.default\">\n\t\t\t\t<div class=\"elementor-widget-container\">\n\t\t\t\t\t<h2 class=\"elementor-heading-title elementor-size-default\">Devenir membre<\/h2>\t\t\t\t<\/div>\n\t\t\t\t<\/div>\n\t\t\t\t<div class=\"elementor-element elementor-element-22090f9 text-shadow elementor-widget elementor-widget-text-editor\" data-id=\"22090f9\" data-element_type=\"widget\" data-e-type=\"widget\" data-widget_type=\"text-editor.default\">\n\t\t\t\t<div class=\"elementor-widget-container\">\n\t\t\t\t\t\t\t\t\t<div><p>L&rsquo;adh\u00e9sion \u00e0 notre association est ouverte \u00e0 toute personne \u00e2g\u00e9e de\u00a0<strong>13 ans ou plus<\/strong>.<\/p><p>Pour devenir membre de l&rsquo;association, il suffit de remplir les documents suivants :<\/p><\/div><ul><li>Liens vers\u00a0<span style=\"color: #f1f1e6;\"><a style=\"color: #f1f1e6;\" href=\"https:\/\/www.helloasso.com\/associations\/les-batisseurs-de-reves\/boutiques\/adhesion-annuel-scolaire\/widget\" target=\"_blank\" rel=\"noopener noreferrer\"><span style=\"color: #0f2749;\">Le payement<\/span>\u00a0<span style=\"color: #0f2749;\">d&rsquo;adh\u00e9sion<\/span><\/a><\/span><\/li><li>de remplir<span style=\"color: #0f2749;\">\u00a0<a style=\"color: #0f2749;\" href=\"http:\/\/lbdr.fr\/Documents\/Autorisation.pdf\" target=\"_blank\" rel=\"noopener noreferrer\">L&rsquo;autorisation parentale<\/a><\/span>\u00a0(pour les mineurs)<\/li><li>de s&rsquo;acquitter de la cotisation annuelle\u00a0(septembre \u00e0 ao\u00fbt)\u00a0de\u00a012 \u00ac (ch\u00e8que \u00e0 l&rsquo;ordre des B\u00e2tisseurs de R\u00eaves)<\/li><\/ul>\t\t\t\t\t\t\t\t<\/div>\n\t\t\t\t<\/div>\n\t\t\t\t\t<\/div>\n\t\t<\/div>\n\t\t\t\t<div class=\"elementor-column elementor-col-50 elementor-top-column elementor-element elementor-element-f08ecab\" data-id=\"f08ecab\" data-element_type=\"column\" data-e-type=\"column\">\n\t\t\t<div class=\"elementor-widget-wrap elementor-element-populated\">\n\t\t\t\t\t\t<div class=\"elementor-element elementor-element-7a095f8 elementor-widget elementor-widget-heading\" data-id=\"7a095f8\" data-element_type=\"widget\" data-e-type=\"widget\" data-widget_type=\"heading.default\">\n\t\t\t\t<div class=\"elementor-widget-container\">\n\t\t\t\t\t<h2 class=\"elementor-heading-title elementor-size-default\">Status de l'association<\/h2>\t\t\t\t<\/div>\n\t\t\t\t<\/div>\n\t\t\t\t<div class=\"elementor-element elementor-element-818d09d text-shadow elementor-widget elementor-widget-text-editor\" data-id=\"818d09d\" data-element_type=\"widget\" data-e-type=\"widget\" data-widget_type=\"text-editor.default\">\n\t\t\t\t<div class=\"elementor-widget-container\">\n\t\t\t\t\t\t\t\t\t<div>Notre association est une association de type \u00ab\u00a0loi 1901\u00a0\u00bb, vous voulez consulter ses statuts ici :<\/div><div><ul><li>Les<span style=\"color: #f1f1e6;\">\u00a0<span style=\"color: #0f2749;\"><a style=\"color: #0f2749;\" href=\"http:\/\/lbdr.fr\/bdr\/wp-content\/uploads\/2021\/01\/STATUTS_asso_BdR.pdf\" target=\"_blank\" rel=\"noopener\">statuts de l&rsquo;Association<\/a><\/span><\/span><\/li><li>Le\u00a0<span style=\"color: #f1f1e6;\"><span style=\"color: #0f2749;\"><a style=\"color: #0f2749;\" href=\"http:\/\/lbdr.fr\/bdr\/wp-content\/uploads\/2021\/01\/reglementinterieur.doc\" target=\"_blank\" rel=\"noopener\">r\u00e8glement int\u00e9rieur<\/a><\/span>\u00a0<\/span>de l&rsquo;Association<\/li><\/ul><\/div>\t\t\t\t\t\t\t\t<\/div>\n\t\t\t\t<\/div>\n\t\t\t\t\t<\/div>\n\t\t<\/div>\n\t\t\t\t\t<\/div>\n\t\t<\/section>\n\t\t\t\t<section class=\"elementor-section elementor-top-section elementor-element elementor-element-99482d8 elementor-section-stretched elementor-section-full_width elementor-section-height-default elementor-section-height-default\" data-id=\"99482d8\" data-element_type=\"section\" data-e-type=\"section\" data-settings=\"{&quot;stretch_section&quot;:&quot;section-stretched&quot;,&quot;background_background&quot;:&quot;classic&quot;}\">\n\t\t\t\t\t\t<div class=\"elementor-container elementor-column-gap-default\">\n\t\t\t\t\t<div class=\"elementor-column elementor-col-100 elementor-top-column elementor-element elementor-element-013b575\" data-id=\"013b575\" data-element_type=\"column\" data-e-type=\"column\">\n\t\t\t<div class=\"elementor-widget-wrap elementor-element-populated\">\n\t\t\t\t\t\t<div class=\"elementor-element elementor-element-7e6badc elementor-widget elementor-widget-heading\" data-id=\"7e6badc\" data-element_type=\"widget\" data-e-type=\"widget\" data-widget_type=\"heading.default\">\n\t\t\t\t<div class=\"elementor-widget-container\">\n\t\t\t\t\t<h2 class=\"elementor-heading-title elementor-size-default\">Nos activit\u00e9s et jeux pratiqu\u00e9s<\/h2>\t\t\t\t<\/div>\n\t\t\t\t<\/div>\n\t\t\t\t<div class=\"elementor-element elementor-element-8c3eb5e text-shadow elementor-widget elementor-widget-text-editor\" data-id=\"8c3eb5e\" data-element_type=\"widget\" data-e-type=\"widget\" data-widget_type=\"text-editor.default\">\n\t\t\t\t<div class=\"elementor-widget-container\">\n\t\t\t\t\t\t\t\t\t<p>Dans notre association bas\u00e9e sur Orl\u00e9ans, nous jouons \u00e0 des\u00a0<strong>jeux de simulation<\/strong>, c&rsquo;est-\u00e0-dire des jeux con\u00e7us pour simuler une activit\u00e9, tel qu&rsquo;un sport, une campagne militaire, la r\u00e9solution d&rsquo;une \u00e9nigme polici\u00e8re ou bien la gestion d&rsquo;une entreprise ou d&rsquo;un pays. Ces jeux sont \u00e9galement appel\u00e9s <strong>jeux de plateau, car<\/strong>\u00a0ils se jouent sur un plateau \u00e0 l&rsquo;aide de pions, de d\u00e9s ou de cartes.<\/p><p>Et puis il y a les\u00a0<strong>jeux de r\u00f4le<\/strong>, qui constituent l&rsquo;activit\u00e9 principale de notre association, dans lesquels les participants incarnent des personnages qui prennent part \u00e0 des aventures plus ou moins mouvement\u00e9es dans des univers tr\u00e8s vari\u00e9s : L&rsquo;H\u00e9ro\u00efque, Fantasy, la Science-Fiction, l&rsquo;Aventure, le Fantastique contemporain\u2026 Si vous souhaitez avoir plus d&rsquo;informations sur les jeux de r\u00f4le, t\u00e9l\u00e9chargez cette <span style=\"color: #d7a319;\"><a style=\"color: #d7a319;\" href=\"http:\/\/lbdr.fr\/bdr\/wp-content\/uploads\/2021\/02\/plaquette-jdr.pdf\" target=\"_blank\" rel=\"noopener\">plaquette<\/a>\u00a0<\/span>que le magazine\u00a0<em>Casus Belli<\/em>\u00a0avait publi\u00e9e il y a quelques ann\u00e9es.<\/p><ul>Voici quelques-uns des jeux de r\u00f4le pratiqu\u00e9s dans notre association sur Orl\u00e9ans :<li><strong>Donjons &amp; Dragons :<\/strong> Le premier et le plus c\u00e9l\u00e8bre des jeux de r\u00f4le, il propose aux joueurs d&rsquo;\u00e9voluer dans de nombreux univers d&rsquo;H\u00e9ro\u00efque Fantasy.<\/li><li><strong>Le Seigneur des Anneaux :<\/strong>\u00a0Tir\u00e9 du c\u00e9l\u00e8bre roman de J. R. R. Tolkien adapt\u00e9 au cin\u00e9ma par Peter Jackson, ce jeu permet de prendre part \u00e0 la lutte contre le Seigneur des T\u00e9n\u00e8bres.<\/li><li><strong>Conan le barbare :<\/strong> Pour incarner des h\u00e9ros hors du commun et vivre des aventures exaltantes situ\u00e9es dans le monde rude et sauvage cr\u00e9e par Robert E. Howard.<\/li><li><strong>Star Wars :\u00a0<\/strong>Avec cette adaptation officielle des films de George Lucas, les joueurs rejoignent la R\u00e9bellion pour renverser l&rsquo;Empire.<\/li><\/ul><p style=\"margin-top: -1.5em;\">Ils se d\u00e9roulent une \u00e0 deux parties chaque semaine, parfois trois.<\/p>\t\t\t\t\t\t\t\t<\/div>\n\t\t\t\t<\/div>\n\t\t\t\t\t<\/div>\n\t\t<\/div>\n\t\t\t\t\t<\/div>\n\t\t<\/section>\n\t\t\t\t<section class=\"elementor-section elementor-top-section elementor-element elementor-element-9e4d8e7 elementor-section-stretched elementor-section-full_width elementor-section-height-default elementor-section-height-default\" data-id=\"9e4d8e7\" data-element_type=\"section\" data-e-type=\"section\" data-settings=\"{&quot;stretch_section&quot;:&quot;section-stretched&quot;}\">\n\t\t\t\t\t\t<div class=\"elementor-container elementor-column-gap-default\">\n\t\t\t\t\t<div class=\"elementor-column elementor-col-100 elementor-top-column elementor-element elementor-element-49abc5a\" data-id=\"49abc5a\" data-element_type=\"column\" data-e-type=\"column\">\n\t\t\t<div class=\"elementor-widget-wrap elementor-element-populated\">\n\t\t\t\t\t\t<div class=\"elementor-element elementor-element-7c5cd35 elementor-widget elementor-widget-heading\" data-id=\"7c5cd35\" data-element_type=\"widget\" data-e-type=\"widget\" data-widget_type=\"heading.default\">\n\t\t\t\t<div class=\"elementor-widget-container\">\n\t\t\t\t\t<h2 class=\"elementor-heading-title elementor-size-default\">Nos mascottes<\/h2>\t\t\t\t<\/div>\n\t\t\t\t<\/div>\n\t\t\t\t\t<\/div>\n\t\t<\/div>\n\t\t\t\t\t<\/div>\n\t\t<\/section>\n\t\t\t\t<section class=\"elementor-section elementor-top-section elementor-element elementor-element-e445497 elementor-section-full_width elementor-section-height-default elementor-section-height-default\" data-id=\"e445497\" data-element_type=\"section\" data-e-type=\"section\">\n\t\t\t\t\t\t<div class=\"elementor-container elementor-column-gap-default\">\n\t\t\t\t\t<div class=\"elementor-column elementor-col-33 elementor-top-column elementor-element elementor-element-a524695\" data-id=\"a524695\" data-element_type=\"column\" data-e-type=\"column\">\n\t\t\t<div class=\"elementor-widget-wrap elementor-element-populated\">\n\t\t\t\t\t\t<div class=\"elementor-element elementor-element-8b9b309 elementor-widget elementor-widget-image\" data-id=\"8b9b309\" data-element_type=\"widget\" data-e-type=\"widget\" data-widget_type=\"image.default\">\n\t\t\t\t<div class=\"elementor-widget-container\">\n\t\t\t\t\t\t\t\t\t\t\t\t\t\t\t\t<a href=\"http:\/\/lbdr.fr\/bdr\/wp-content\/uploads\/2021\/01\/dracosir-2.jpg\" data-elementor-open-lightbox=\"yes\" data-elementor-lightbox-title=\"dracosir-2\" data-e-action-hash=\"#elementor-action%3Aaction%3Dlightbox%26settings%3DeyJpZCI6Nzg0LCJ1cmwiOiJodHRwOlwvXC9sYmRyLmZyXC9iZHJcL3dwLWNvbnRlbnRcL3VwbG9hZHNcLzIwMjFcLzAxXC9kcmFjb3Npci0yLmpwZyJ9\">\n\t\t\t\t\t\t\t<img decoding=\"async\" width=\"159\" height=\"250\" src=\"http:\/\/lbdr.fr\/bdr\/wp-content\/uploads\/2021\/01\/dracosir-2.jpg\" class=\"attachment-medium size-medium wp-image-784\" alt=\"\" \/>\t\t\t\t\t\t\t\t<\/a>\n\t\t\t\t\t\t\t\t\t\t\t\t\t\t\t<\/div>\n\t\t\t\t<\/div>\n\t\t\t\t\t<\/div>\n\t\t<\/div>\n\t\t\t\t<div class=\"elementor-column elementor-col-66 elementor-top-column elementor-element elementor-element-014aa12\" data-id=\"014aa12\" data-element_type=\"column\" data-e-type=\"column\">\n\t\t\t<div class=\"elementor-widget-wrap elementor-element-populated\">\n\t\t\t\t\t\t<div class=\"elementor-element elementor-element-042b8bb elementor-widget elementor-widget-text-editor\" data-id=\"042b8bb\" data-element_type=\"widget\" data-e-type=\"widget\" data-widget_type=\"text-editor.default\">\n\t\t\t\t<div class=\"elementor-widget-container\">\n\t\t\t\t\t\t\t\t\t<p>Bonjour, c&rsquo;est moi Dracosir, la mascotte des B\u00e2tisseurs. Apr\u00e8s avoir d\u00e9but\u00e9 dans le Courrier des B\u00e2tisseurs, je travaille sur leur site internet o\u00f9 je vous parlerai de choses et d&rsquo;autres, comme des livres ou des films qui peuvent \u00eatre de bonnes sources d&rsquo;id\u00e9es pour les joueurs de jeu de r\u00f4le.<\/p><p>Je suis \u00e9galement le porte-parole des b\u00e2tisseurs, je me chargerai de vous annoncer les \u00e9v\u00e9nements organis\u00e9s par ou en rapport avec notre association.<\/p>\t\t\t\t\t\t\t\t<\/div>\n\t\t\t\t<\/div>\n\t\t\t\t\t<\/div>\n\t\t<\/div>\n\t\t\t\t\t<\/div>\n\t\t<\/section>\n\t\t\t\t<section class=\"elementor-section elementor-top-section elementor-element elementor-element-59508e9 elementor-section-full_width elementor-section-height-default elementor-section-height-default\" data-id=\"59508e9\" data-element_type=\"section\" data-e-type=\"section\" data-settings=\"{&quot;background_background&quot;:&quot;classic&quot;}\">\n\t\t\t\t\t\t<div class=\"elementor-container elementor-column-gap-default\">\n\t\t\t\t\t<div class=\"elementor-column elementor-col-66 elementor-top-column elementor-element elementor-element-a20e865\" data-id=\"a20e865\" data-element_type=\"column\" data-e-type=\"column\">\n\t\t\t<div class=\"elementor-widget-wrap elementor-element-populated\">\n\t\t\t\t\t\t<div class=\"elementor-element elementor-element-75d4b69 elementor-widget elementor-widget-text-editor\" data-id=\"75d4b69\" data-element_type=\"widget\" data-e-type=\"widget\" data-widget_type=\"text-editor.default\">\n\t\t\t\t<div class=\"elementor-widget-container\">\n\t\t\t\t\t\t\t\t\t<p>Je suis N\u00e9cronaze, l\u2019autre mascotte des B\u00e2tisseurs. Les administrateurs du site ne voulaient pas de moi ici, ils disaient que je donnais une mauvaise image de l&rsquo;association, mais j&rsquo;ai r\u00e9ussi les faire changer d&rsquo;avis (c\u2019est fou comme les gens deviennent coop\u00e9ratifs lorsqu\u2019ils sont cern\u00e9s par une horde de zombies affam\u00e9s).<\/p><p>Ma t\u00e2che est de pousser des coups de gueule lorsque quelque chose ne me pla\u00eet pas, et je ne m&rsquo;en priverai pas<\/p>\t\t\t\t\t\t\t\t<\/div>\n\t\t\t\t<\/div>\n\t\t\t\t\t<\/div>\n\t\t<\/div>\n\t\t\t\t<div class=\"elementor-column elementor-col-33 elementor-top-column elementor-element elementor-element-36e18a1\" data-id=\"36e18a1\" data-element_type=\"column\" data-e-type=\"column\">\n\t\t\t<div class=\"elementor-widget-wrap elementor-element-populated\">\n\t\t\t\t\t\t<div class=\"elementor-element elementor-element-7fd2dce elementor-widget elementor-widget-image\" data-id=\"7fd2dce\" data-element_type=\"widget\" data-e-type=\"widget\" data-widget_type=\"image.default\">\n\t\t\t\t<div class=\"elementor-widget-container\">\n\t\t\t\t\t\t\t\t\t\t\t\t\t\t\t\t<a href=\"http:\/\/lbdr.fr\/bdr\/wp-content\/uploads\/2021\/01\/necronaze-2.jpg\" data-elementor-open-lightbox=\"yes\" data-elementor-lightbox-title=\"necronaze-2\" data-e-action-hash=\"#elementor-action%3Aaction%3Dlightbox%26settings%3DeyJpZCI6Nzg1LCJ1cmwiOiJodHRwOlwvXC9sYmRyLmZyXC9iZHJcL3dwLWNvbnRlbnRcL3VwbG9hZHNcLzIwMjFcLzAxXC9uZWNyb25hemUtMi5qcGcifQ%3D%3D\">\n\t\t\t\t\t\t\t<img fetchpriority=\"high\" decoding=\"async\" width=\"209\" height=\"250\" src=\"http:\/\/lbdr.fr\/bdr\/wp-content\/uploads\/2021\/01\/necronaze-2.jpg\" class=\"attachment-medium size-medium wp-image-785\" alt=\"\" \/>\t\t\t\t\t\t\t\t<\/a>\n\t\t\t\t\t\t\t\t\t\t\t\t\t\t\t<\/div>\n\t\t\t\t<\/div>\n\t\t\t\t\t<\/div>\n\t\t<\/div>\n\t\t\t\t\t<\/div>\n\t\t<\/section>\n\t\t\t\t<section class=\"elementor-section elementor-top-section elementor-element elementor-element-e1d3f70 elementor-section-boxed elementor-section-height-default elementor-section-height-default\" data-id=\"e1d3f70\" data-element_type=\"section\" data-e-type=\"section\">\n\t\t\t\t\t\t<div class=\"elementor-container elementor-column-gap-default\">\n\t\t\t\t\t<div class=\"elementor-column elementor-col-100 elementor-top-column elementor-element elementor-element-573c4b2\" data-id=\"573c4b2\" data-element_type=\"column\" data-e-type=\"column\">\n\t\t\t<div class=\"elementor-widget-wrap elementor-element-populated\">\n\t\t\t\t\t\t<div class=\"elementor-element elementor-element-4527090 elementor-widget elementor-widget-html\" data-id=\"4527090\" data-element_type=\"widget\" data-e-type=\"widget\" data-widget_type=\"html.default\">\n\t\t\t\t<div class=\"elementor-widget-container\">\n\t\t\t\t\t<div class=\"btn-top\">\n   <img decoding=\"async\" src=\"http:\/\/lbdr.fr\/bdr\/wp-content\/uploads\/2021\/02\/arrow.svg\" class=\"icone\" style=\"box-shadow: none;\">\n<\/div>\n\n<script>\nconst btn = document.querySelector('.btn-top');\n\nwindow.addEventListener('scroll', () => {\n    if (window.pageYOffset > 100) {\n        btn.classList.add('active');\n    } else {\n        btn.classList.remove('active');\n    }\n});\n\nbtn.addEventListener('click', () => {\n    window.scrollTo({\n        top: 0,\n        left: 0,\n        behevior: \"smooth\"\n    })\n});\n<\/script>\t\t\t\t<\/div>\n\t\t\t\t<\/div>\n\t\t\t\t\t<\/div>\n\t\t<\/div>\n\t\t\t\t\t<\/div>\n\t\t<\/section>\n\t\t\t\t<\/div>\n\t\t","protected":false},"excerpt":{"rendered":"<p>Devenir membre L&rsquo;adh\u00e9sion \u00e0 notre association est ouverte \u00e0 toute personne \u00e2g\u00e9e de\u00a013 ans ou plus. Pour devenir membre de l&rsquo;association, il suffit de remplir les documents suivants : Liens vers\u00a0Le payement\u00a0d&rsquo;adh\u00e9sion de remplir\u00a0L&rsquo;autorisation parentale\u00a0(pour les mineurs) de s&rsquo;acquitter de la cotisation annuelle\u00a0(septembre \u00e0 ao\u00fbt)\u00a0de\u00a012 \u00ac (ch\u00e8que \u00e0 l&rsquo;ordre des B\u00e2tisseurs de R\u00eaves) Status de [&hellip;]<\/p>\n","protected":false},"author":1,"featured_media":0,"parent":0,"menu_order":0,"comment_status":"closed","ping_status":"closed","template":"","meta":{"footnotes":""},"categories":[],"tags":[],"class_list":["post-46","page","type-page","status-publish","hentry"],"aioseo_notices":[],"jetpack_sharing_enabled":true,"_links":{"self":[{"href":"https:\/\/lbdr.fr\/bdr\/index.php\/wp-json\/wp\/v2\/pages\/46","targetHints":{"allow":["GET"]}}],"collection":[{"href":"https:\/\/lbdr.fr\/bdr\/index.php\/wp-json\/wp\/v2\/pages"}],"about":[{"href":"https:\/\/lbdr.fr\/bdr\/index.php\/wp-json\/wp\/v2\/types\/page"}],"author":[{"embeddable":true,"href":"https:\/\/lbdr.fr\/bdr\/index.php\/wp-json\/wp\/v2\/users\/1"}],"replies":[{"embeddable":true,"href":"https:\/\/lbdr.fr\/bdr\/index.php\/wp-json\/wp\/v2\/comments?post=46"}],"version-history":[{"count":148,"href":"https:\/\/lbdr.fr\/bdr\/index.php\/wp-json\/wp\/v2\/pages\/46\/revisions"}],"predecessor-version":[{"id":4660,"href":"https:\/\/lbdr.fr\/bdr\/index.php\/wp-json\/wp\/v2\/pages\/46\/revisions\/4660"}],"wp:attachment":[{"href":"https:\/\/lbdr.fr\/bdr\/index.php\/wp-json\/wp\/v2\/media?parent=46"}],"wp:term":[{"taxonomy":"category","embeddable":true,"href":"https:\/\/lbdr.fr\/bdr\/index.php\/wp-json\/wp\/v2\/categories?post=46"},{"taxonomy":"post_tag","embeddable":true,"href":"https:\/\/lbdr.fr\/bdr\/index.php\/wp-json\/wp\/v2\/tags?post=46"}],"curies":[{"name":"wp","href":"https:\/\/api.w.org\/{rel}","templated":true}]}}